**2 + 3*n - 8. Let d(a) = 9 - 12*a - 3*a**2 + 8*a - 3*a**2. Let c(g) = -6*d(g) - 7*y(g). Determine c(-2).
0
Let h = 2 - 0. Suppose -h*r - 8 = 0, -4*i - 11 = 3*r + 5. Let f(s) = 1 - 2*s - 86*s**2 + 87*s**2 + 4*s + 10*s**3. Calculate f(i).
-10
Let b(x) = 7*x**3 + 1. Let j(d) = -d**2 - 6*d - 5. Let c be j(-4). Suppose -8 = -7*y + c*y. Suppose 3 = p + y. Calculate b(p).
8
Let d(p) = 7*p + 6. Let v(j) be the second derivative of -5*j**3/2 - 6*j**2 + 2*j. Let q(z) = -13*d(z) - 6*v(z). What is q(-4)?
-2
Let h(v) = -1 - 1 + v**2 - 8*v**3 - 7*v**3 + 14*v**3 + v. Determine h(-2).
8
Let z(v) = -v**3 + 11*v**2 - 5*v. Suppose 0 = -g, -g + 1 = -r - 0. Let w(o) = -o**2 + o. Let t(x) = r*z(x) - 6*w(x). Determine t(5).
-5
Let x(c) = -c + 2. Let s be 2*-1*3 + -1. Let n = 4 + s. Let d be x(n). Let a(l) = l**3 - 4*l**2 - 5*l + 1. Determine a(d).
1
Suppose -n + 4*h = 2*n + 17, 11 = -4*n + 3*h. Let v(f) = 0*f - f + 0 - n. Suppose -16*u - 8 - 8 = 0. Give v(u).
0
Let s(x) = 2*x + 1. Let q be s(4). Let c(u) = -8*u - 13. Let r(p) = 2*p + 3. Let m(b) = q*r(b) + 2*c(b). Give m(-2).
-3
Suppose 3*m + 3 = 5*u + 5, m - 5*u = -6. Let f(d) = -m + 6*d - 4 - d**2 + 2 + 0*d. Calculate f(5).
-1
Let c(i) = 2*i**2 + 2*i**2 - 7*i - 7*i**2 + 2*i**2 - 5. Let h = 1 + -6. Give c(h).
5
Suppose -4*z + l - 9 = 3, 30 = -5*z + 5*l. Let p(f) = 4*f + 1. What is p(z)?
-7
Let g(q) be the first derivative of -1/6*q**4 + 2/3*q**3 + 0*q - 1/360*q**6 + 2 - 1/120*q**5 + 0*q**2. Let x(u) be the third derivative of g(u). What is x(0)?
-4
Let s(r) = r**2 + 3*r - 7. Suppose -w + h + 17 = -4*w, 3*w + 4*h = -23. Determine s(w).
3
Let q be (-6)/(-10)*(6 - 1). Let i(b) = b**2 - 2*b - 3. Calculate i(q).
0
Let a be 2 - (2 - 1) - 4. Let g(v) = -3*v + 11. Let j(n) be the third derivative of n**4/24 - 2*n**3/3 - n**2. Let w(o) = a*g(o) - 8*j(o). Give w(-1).
-2
Let c(a) be the third derivative of a**4/8 - a**3/6 + 2*a**2 - 2. Determine c(1).
2
Let s(v) = -7*v - 1. Let u be (3 - 1)*13/2. Let k = u + -8. Let n = k - 4. Give s(n).
-8
Let f be 1*4 + 5 + -3. Let t(g) = -g**3 + 7*g**2 - 4*g - 7. Give t(f).
5
Let j(n) = -n**3 + 6*n**2 - n + 1. Suppose -3*b + 381 = 2*b - 4*l, 3*l + 305 = 4*b. Let d be (-22)/b - (-88)/14. Determine j(d).
-5
Let l(k) = k**3 - 5*k**2 + 2*k. Let u(a) = -a**3 - 4*a**2 - 4*a. Let s be u(-3). Give l(s).
-12
Let p be ((-78)/9)/1 + (-1)/3. Let n(q) = -q**2 - 9*q - 5. Give n(p).
-5
Let v = 3 + -5. Let w(h) = 1 - 2*h + 4*h - 5*h. Calculate w(v).
7
Let z(p) = -2 - 9*p + 2*p + 8*p. Let f be (-3 - -2)*-1*3. Calculate z(f).
1
Let c(k) = k**3 + 4*k**2 + 2*k + 2. Let v = 3 - 5. Determine c(v).
6
Let z = -66 - -265/4. Let h(n) be the first derivative of n**2 + z*n**4 + 3 + n**3 + n. What is h(-3)?
-5
Suppose 0 = -r - q + 2, -3*r + 5*q - q + 27 = 0. Let y(p) = p**2 + 4 - r*p - 11 + 9. What is y(6)?
8
Let m(v) be the third derivative of v**5/40 + v**3 + 3*v**2. Let j(i) be the first derivative of m(i). Give j(-4).
-12
Suppose -12 - 36 = -8*h. Let a(s) = -s**2 + 6*s - 8. Calculate a(h).
-8
Let b(q) = -3*q + 10. Let x = -62 + 67. What is b(x)?
-5
Let a(n) = 4*n**3 - n. Suppose 0 = -x + 3*i + 7, 2*i + 9 = 3*x - i. Calculate a(x).
3
Let x(k) be the second derivative of -k**4/12 + k**3 - 5*k. Give x(3).
9
Let t(x) = 2*x**2 - x - 1. Let a(l) = -3*l**2 + 3*l + 2. Let r(f) = 3*a(f) + 5*t(f). Determine r(-3).
-2
Let x(b) = -b**3 + 33*b**2 - 34*b + 63. Let l be x(32). Let g(t) = -37*t**2 - 4*t - 7. Let y(i) = 25*i**2 + 3*i + 5. Let n(a) = 5*g(a) + 7*y(a). Calculate n(l).
-11
Let l(c) = c + 9. Let x be l(-16). Let g(j) = -j - 8. What is g(x)?
-1
Let o(w) be the second derivative of w**4/12 - w**3/6 - w**2/2 + 4*w. Give o(3).
5
Let r(n) = n + 4. Let y = -53 - -51. Give r(y).
2
Let q be -46*(-1)/(8/20). Let o(a) = a + 115 + 2*a**2 - q - 4*a**3. Suppose 4*m - z + 8 = 0, 3*z - 8 = -3*m + 1. Calculate o(m).
5
Suppose 4 = -b + 2*t - 3, 5*b = 5*t - 10. Let d(q) = -q + 1 + q**3 - q + 3*q + 2*q**2 - 2*q**3. Determine d(b).
-5
Let h(m) = -7*m - 29. Let u be h(-5). Let b(r) = -2*r + 6 + 3 + 0. What is b(u)?
-3
Let d be 0/(-2 + 0) + 2. Let s be (8/(-24))/(d/(-18)). Let y be -2 - s*1/3. Let b(p) = -p**3 - 4*p**2 - 4*p - 3. Determine b(y).
0
Let d(q) = -4 + 3*q + 5*q**2 - 9*q - 4*q**2 + 7*q. What is d(-3)?
2
Let n = 0 - 0. Suppose 3*y - q + 0*q - 20 = n, -3*y - 10 = 5*q. Let u(c) = 32*c**3 + 0*c**2 - c + 4 - 2*c**2 + 7*c**2 - 33*c**3. Determine u(y).
-1
Let c(h) = 15*h + 8. Let r(o) = -10*o - 5. Let j(s) = 5*c(s) + 8*r(s). What is j(1)?
-5
Let r(x) be the third derivative of x**6/120 + x**5/12 - x**4/4 - 2*x**3/3 - 6*x**2. Calculate r(-6).
-4
Let o(v) = -2*v - 1. Let w(a) = -6*a - 4. Let c(f) = 14*o(f) - 4*w(f). What is c(4)?
-14
Suppose -2*b = -8*b. Let d(p) = -p**3 - 10. Determine d(b).
-10
Let h(n) = -n + 8. Let u be (-51)/7 + (-6)/(-21). Let q be u/(28/(-8)) - -5. What is h(q)?
1
Let w(v) = -6*v. Suppose -4*o = -o - 3*n - 27, 2*o + 7 = -3*n. Let t be (-6)/o*12/(-9). Let j(x) = -x**2 + 2*x - 1. Let f be j(t). Determine w(f).
6
Let b(d) = -d**2 - d + 1. Let s(k) = -k - 4. Let r be s(0). Let v be (-6)/r - 7/(-14). Determine b(v).
-5
Let q(k) = -k**2 + 7*k - 5. Let s be q(4). Let c(p) = -5*p**2 - 5*p**2 + 11*p**2 - s*p. Determine c(7).
0
Let i(z) = 2*z**2 - 20*z + 10. Let j be i(9). Let h(w) = w**3 + 8*w**2 + w - 1. What is h(j)?
-9
Suppose -2*r + 4*r = 2, 2*q - 4*r = 8. Let f = 13 + -7. Let a = q - f. Let k(t) = t + 4. What is k(a)?
4
Let g(o) be the first derivative of 2*o**2 - 5*o - 7. What is g(4)?
11
Let b(j) = j**2 + 6. Let x be (3/6 + -2)*-2. Let z(k) = 3*k - 4. Let t be z(x). Suppose 2*w - 3*h = -12, -t*w = -0*w + h - 4. What is b(w)?
6
Suppose -24*t - 5 = -23*t. Let z(b) = -b - 4. Determine z(t).
1
Let n(o) = -3*o**2 + 3*o - 2. Suppose 2*a = -a + 30. Suppose 3*d + 1 = a. Suppose i + 20 = d*i - 4*z, 2*z + 12 = 2*i. Calculate n(i).
-8
Let z(p) = p**3 - 4*p**2 + 4*p - 3. Let g(r) = -r**3 - 6*r**2 + 8*r + 7. Let c be g(-7). Suppose c = 5*m - 17 - 8. Let x be (3/(-5))/((-1)/m). Determine z(x).
0
Let l(w) be the first derivative of -1/2*w**2 + 3 + 0*w + 2*w**3. Give l(-1).
7
Suppose -14 = 2*z - 4*n, 3*z + 3*n + 9 = -2*z. Let d(r) = -r**3 - 3*r**2 - r - 2. Determine d(z).
1
Let p be (-2)/(-5) - (-69)/15. Suppose 0 = -4*m + o + 14 + p, -m = 2*o + 2. Let q(y) = 3*y + 1 - 2*y + 4*y - y**2. Calculate q(m).
5
Let y(u) = -3*u**3 - 5*u - 14. Let c(b) = -b**3 - 2*b - 5. Let w(h) = 11*c(h) - 4*y(h). Let a be w(2). Suppose -a*r = 1 - 16. Let d(p) = p + 3. Determine d(r).
6
Let f(r) = -r**2 + 4*r - r - 4*r + 5*r**3 + 2*r**2. Give f(1).
5
Let p(t) = 2 + t + 2*t**3 + 2*t**2 - 4*t**3 + 0*t**3. Suppose 5*r = -3*z + 29, 4*r - 3*z = -2*z + 13. Let q be -2 + 5 - r - -3. Determine p(q).
-4
Suppose -22*h + 2 = -21*h. Let b(z) = 2*z**3 - 2*z**2 + 2*z - 3. Calculate b(h).
9
Let r(x) = x - 1. Let l(s) = -4 + 4 + 1. Let c(k) = l(k) + r(k). Let n be 4/(-14) + (-2)/(-7). Give c(n).
0
Let g(w) = -w**2 - w + 1. Let k(z) = -2*z**2 - 4*z - 1. Let d(l) = -3*g(l) + k(l). Let c be (-3 + 3)/(1/1). Determine d(c).
-4
Let z(u) be the first derivative of u**2/2 - 2*u + 7. Let i(y) = y**2 - 8*y + 8. Let o be i(6). Let v = o - -7. What is z(v)?
1
Let v = 1 - -4. Let h(f) = -4*f + 2. Let m(z) = 14*z - 16. Let r(j) = -5*j + 5. Let i(a) = -2*m(a) - 7*r(a). Let x(k) = v*h(k) + 3*i(k). Calculate x(-1).
0
Let i(m) be the second derivative of m**4/12 + m**3/6 - 2*m**2 - 6*m - 3. Give i(4).
16
Let x(j) = j**3 + 2*j**2 - 2*j. Let u = -8 - -16. Let r = u + -11. What is x(r)?
-3
Suppose 5 - 14 = -3*c. Let a be (4 - c) + 3 + -2. Let h(b) = 0 + 8 + 0 + a*b - 2. Determine h(-4).
-2
Let w(q) = 3*q**2 - q - 3. Suppose 3*z + 4 - 25 = 0. Let g(a) = -10*a**2 + 4*a + 8. Let n(i) = z*w(i) + 2*g(i). Let c be 42/(-7) + 1*2. What is n(c)?
7
Let z(w) be the first derivative of -7*w + 4*w**2 - 1/3*w**3 + 2. Let p = 14 + -9. What is z(p)?
8
Let c(r) = 3*r**3 + r**2 + 1. Suppose -5 = -4*m + 3. Let d(k) = -10*k**3 - 2*k**2 - 2. Let f(s) = m*d(s) + 7*c(s). Determine f(-3).
3
Let r(s) = -s - 4. Let d be r(-3). Let o(k) be the first derivative of 2*k**3/3 - 3*k**2/2 + k + 1. Let f(b) = -b. Let t(p) = 5*f(p) - o(p). Calculate t(d).
-1
Let g(n) = -n**3 - 3*n**2 + 5*n - 6. Let p(m) = m**3 + 3*m**2 - 5*m + 5. Let r(o) = 3*g(o) + 4*p(o). What is r(-4)?
6
Suppose 2*z = 2*k - 8, -7*k + 11 = -2*k - 2*z. 